
In base 14, what is d + -1ca230a?
-1ca22db
In base 5, what is -1032340144 + 13?
-1032340131
In base 4, what is -21222 - 330210?
-1012032
In base 15, what is 712522 - 4?
71251d
In base 9, what is 45183407 - -13?
45183421
In base 5, what is 2 + -1223001314031?
-1223001314024
In base 12, what is -92 - 839252?
-839324
In base 16, what is 29a63 + 2c?
29a8f
In base 7, what is -620304535 + -2?
-620304540
In base 14, what is -1 - 742abba?
-742abbb
In base 16, what is 8f + 767?
7f6
In base 14, what is -4758 - 9aa?
-5324
In base 6, what is -214 - 1245315?
-1245533
In base 14, what is 2 + 212a233?
212a235
In base 8, what is -440726110 + -4?
-440726114
In base 3, what is 2011020 - -2210?
2021000
In base 12, what is 1 - -7047639?
704763a
In base 12, what is 2 + 25958b1?
25958b3
In base 5, what is 313001441 + 2?
313001443
In base 14, what is 2 - -806c67?
806c69
In base 13, what is 261 - 461535?
-4612a4
In base 15, what is 2a - 236181?
-236156
In base 11, what is -5 - -30a37a5?
30a37a0
In base 5, what is -14 - -341222124224?
341222124210
In base 4, what is 1023 + 100003210?
100010233
In base 3, what is 222122000220102 + -10?
222122000220022
In base 11, what is -1 - -119050217?
119050216
In base 2, what is 110100001000111 - 111110000?
110011001010111
In base 3, what is 1002221121111 + 120?
1002221122001
In base 14, what is -32a - 464dd?
-46829
In base 2, what is 111 - -111011001000101110000?
111011001000101110111
In base 6, what is 221 - 4330205?
-4325544
In base 13, what is -62944 + 293?
-62681
In base 5, what is -1314 + -22312134?
-22314003
In base 16, what is -2e + -3e3a?
-3e68
In base 3, what is 1121 + -1221002000001?
-1221001221110
In base 14, what is -43 + 29d3d8?
29d395
In base 10, what is 2565164 - -22?
2565186
In base 13, what is 5 - 4967349?
-4967344
In base 4, what is -123 - -311131021?
311130232
In base 3, what is 10 - -10211111000012?
10211111000022
In base 13, what is 11a70 - 3c?
11a31
In base 3, what is -2 - -201211121120222?
201211121120220
In base 10, what is 23397 - 161?
23236
In base 12, what is 123 - -2393b9?
239520
In base 11, what is 136a8 - -114?
13811
In base 12, what is -440a - 1484?
-5892
In base 12, what is -5 + -44a079?
-44a082
In base 8, what is 26404460 + -15?
26404443
In base 6, what is -2234123041 + -24?
-2234123105
In base 12, what is 1 + 88a561?
88a562
In base 12, what is -1721971 + 36?
-1721937
In base 2, what is 110000101011000 - 10111101100111?
11000111110001
In base 11, what is 6 + -15a2245?
-15a223a
In base 10, what is 2711 + -68102?
-65391
In base 12, what is -629 - 12306?
-12933
In base 4, what is -201212321212 + -10?
-201212321222
In base 11, what is -16375862 - -2?
-16375860
In base 7, what is -54054536 - 323?
-54055162
In base 14, what is 2 + 10b3d49?
10b3d4b
In base 9, what is -1025 + -74431?
-75456
In base 13, what is 9 + -20c7ac?
-20c7a3
In base 16, what is 3 + 3f4021?
3f4024
In base 12, what is -11b00 + -1081?
-12b81
In base 11, what is -2 - -124a964?
124a962
In base 6, what is -300141 - 11?
-300152
In base 11, what is 1a52 - 17853?
-15901
In base 15, what is -c15601e - -3?
-c15601b
In base 11, what is 7 - -7543521?
7543528
In base 16, what is 3 + 238fda9?
238fdac
In base 9, what is 424003 - -1?
424004
In base 12, what is -80814 - 579?
-81191
In base 12, what is -4 - 86b758b?
-86b7593
In base 14, what is 117d6 - ac?
11728
In base 13, what is 39123c9 - 1?
39123c8
In base 14, what is 1a + 67c23?
67c3d
In base 8, what is 0 - -142324760?
142324760
In base 8, what is 52627374 + 5?
52627401
In base 3, what is 12211122122220001 + 12?
12211122122220020
In base 3, what is 202012012010221 - 12?
202012012010202
In base 10, what is 5366 - -6473?
11839
In base 8, what is -44 - 21174?
-21240
In base 3, what is -121102 + 210222012?
210100210
In base 6, what is 205252 - 43200?
122052
In base 12, what is 18841a2 + -5?
1884199
In base 4, what is -13 + 10210211203?
10210211130
In base 9, what is 5 - -340550684?
340550700
In base 15, what is -3 + -8cbe8?
-8cbeb
In base 13, what is -29a5c - 123?
-29b82
In base 6, what is 0 - 340502044?
-340502044
In base 4, what is -2302213323 - 1311?
-2302221300
In base 3, what is -1012012 + -1102112121?
-1110201210
In base 10, what is 9172354 - -4?
9172358
In base 14, what is -87 - 769d6d?
-76a016
In base 4, what is -200230 - 13230131?
-20031021
In base 10, what is 4 + 1412438?
1412442
In base 9, what is -704257 - -6?
-704251
In base 6, what is 3520231 - -314?
3520545
In base 11, what is 268 - -94327a?
943537
In base 9, what is 12708 + -1616?
11082
In base 15, what is -1105213 - 9?
-110521c
In base 4, what is -2012132022002 + -2?
-2012132022010
In base 10, what is -10 - -2120430?
2120420
In base 3, what is 21012211001121 + 12?
21012211001210
In base 7, what is 24 + 1140250?
1140304
In base 2, what is -11101100011011111 - 1010001100?
-11101101101101011
In base 13, what is -22315 - 47?
-2235c
In base 11, what is -818 + 14309?
135a1
In base 13, what is 63c2 - 405?
5cba
In base 8, what is 1 - -2705062?
2705063
In base 13, what is -31 - -81060?
8102c
In base 12, what is -1 + -132b650?
-132b651
In base 14, what is 3cdc5 + 37?
3d01c
In base 4, what is -3210 - 2230021220?
-2230031030
In base 16, what is 7eba44f + -2?
7eba44d
In base 3, what is 2010 - -111101010010?
111101012020
In base 9, what is -16235162 + 4?
-16235157
In base 12, what is -2076a9 + 9?
-2076a0
In base 12, what is 10731 - -17b54?
28685
In base 10, what is 97449709 + 13?
97449722
In base 2, what is 10110001100001010100011 + -11110?
10110001100001010000101
In base 5, what is 340 + 243112?
244002
In base 6, what is 5433234013 + -10?
5433234003
In base 5, what is 332423 - -4141?
342114
In base 14, what is 14d3409 - -13?
14d341c
In base 14, what is 1166a1c + -4?
1166a18
In base 16, what is 215bf91 + -a?
215bf87
In base 14, what is -45bb14 + 6?
-45bb0c
In base 8, what is 3 + 306206566?
306206571
In base 10, what is -19039975 - 45?
-19040020
In base 9, what is -71082056 + -3?
-71082060
In base 12, what is 521749 - 2?
521747
In base 3, what is 1012112001000010211 - -2?
1012112001000010220
In base 6, what is -2530 - -3254212?
3251242
In base 14, what is 8aa7 - 1a6b?
703a
In base 10, what is -47 + 5513124?
5513077
In base 15, what is 4 - -9ade97?
9ade9b
In base 5, what is -421232331 - -1104?
-421231222
In base 9, what is -18480536 + 12?
-18480524
In base 4, what is 0 + -10102032212202?
-10102032212202
In base 13, what is 73747 - -71?
737b8
In base 13, what is 387 - 860c?
-8255
In base 15, what is 2ad9b58 - 0?
2ad9b58
In base 8, what is 3 - -14421326?
14421331
In base 15, what is -5 - -42bb768?
42bb763
In base 14, what is 50 + 4057?
40a7
In base 15, what is 39 - 4dace?
-4da95
In base 5, what is 2043341 + 141?
2044032
In base 13, what is -18b + -28427?
-285b5
In base 5, what is -1004432 + 10333033?
4323101
In base 2, what is 101010100000011100001101 + -100110?
101010100000011011100111
In base 11, what is 1082 - 67569?
-66497
In base 6, what is -2 - -422014352?
422014350
In base 9, what is -31 + -1164178?
-1164220
In base 15, what is -1346 - 50c9?
-6420
In base 4, what is 0 + 103303023003?
103303023003
In base 2, what is -101 - -1001001010110100001110?
1001001010110100001001
In base 6, what is 2 - -214352350?
214352352
In base 14, what is 5 - 1258b134?
-1258b12d
In base 15, what is 30a32 + a?
30a3c
In base 4, what is 30111210213 + -12?
30111210201
In base 15, what is 3c13913 + -4?
3c1390e
In base 12, what is -36 - 48765b?
-487695
In base 7, what is -3 - 2114643624?
-2114643630
In base 15, what is 20e - -dd1e1?
dd400
In base 2, what is 1110111101011111100011000101 - -100?
1110111101011111100011001001
In base 13, what is 5b6716 + 43?
5b6759
In base 14, what is 237 + -36516?
-362bd
In base 9, what is 5130183 - 4?
5130178
In base 13, what is -513 + -14504?
-14a17
In base 12, what is -466 - 83198?
-83642
In base 3, what is 12 - 11210112001002221?
-11210112001002202
In base 7, what is 3654010 + 3056?
3660066
In base 12, what is -3b453406 + 2?
-3b453404
In base 7, what is -5326264 - -4?
-5326260
In base 12, what is -5 - 132bbb?
-133004
In base 12, what is -17 - -aa35?
aa1a
In base 16, what is 4 - 17d9ac?
-17d9a8
In base 16, what is -1ce7 + -32e?
-2015
In base 8, what is -3260425722 + -4?
-3260425726
In base 4, what is 311213112 - 22231?
311130221
In ba